*m + 4*f + 10 = 5*f. Suppose m*o - 2*p + 23 = 0, -2*o - 3*p - 3 = 3*o. Let k(g) = g**2 + 4*g - 2. Give k(o).
-5
Suppose -5*z - 2*x + 74 = x, -2*x = 4. Suppose 9 = 5*m - z. Let k(j) = 4*j - 7. Give k(m).
13
Let f(q) = -q + 5. Let p(n) = -2. Let u(l) = -4*f(l) - 10*p(l). Let g = -21 + -1. Let h = g + 24. What is u(h)?
8
Let f(g) = -14*g**2 - 51*g + 37. Let q(b) = 5*b**2 + 17*b - 12. Let y(a) = 6*f(a) + 17*q(a). Give y(16).
2
Let p(s) be the third derivative of -1/2*s**3 + 1/24*s**4 + 0 + 0*s + s**2. Determine p(3).
0
Let t(y) = -3*y**2 - 1. Let b(g) = -g**3 + 2*g**2 + g. Let n be (20/(-35))/((-2)/7). Let c be b(n). Let l be 3 - (c - 0/2). What is t(l)?
-4
Suppose 0 = -3*y - 4*q - 37, 5*y + 2 = -4*q - 49. Let t(b) = 11*b + b**2 + 8*b - 11*b + 3. Give t(y).
-4
Let w(k) = k**2 + 2*k - 4. Let o(g) = -g. Suppose 2*h + 4*h - 12 = 0. Let y(q) = h*o(q) - w(q). Calculate y(-4).
4
Suppose -5*c - 1 = -5*l + 4, 5*c + 7 = 3*l. Let z = c + -1. Let t(j) = 4*j**2 + 9*j. Let f(d) = 5*d**2 + 10*d. Let x(s) = z*f(s) + 4*t(s). What is x(-5)?
-5
Let r = -2 - 1. Let s(b) be the first derivative of 1/3*b**3 + b**2 + 3*b - 3. Calculate s(r).
6
Let u(s) = -13*s**3 + s**2 - 1. Let b = -16 - -15. Let k = -6 + 6. Let t = b - k. Calculate u(t).
13
Let g be (-24)/72*(-19 + -2). Let r(u) = 2*u**2 - 14*u + 1. What is r(g)?
1
Let x(m) be the second derivative of -5*m + 5/6*m**3 - 1 + 1/12*m**4 + 0*m**2. What is x(-6)?
6
Let g = -211 + 211. Let l(c) = -c**3 - c + 5. Give l(g).
5
Let k = -5 + 9. Suppose -336 = -8*j + k*j. Let v(s) = -62*s + j*s - 3 + 2. Give v(1).
21
Let j(i) = 5*i**3 - 8*i**2 + 13*i - 14. Let q be (7/(-5))/((-4)/20). Let d(n) = -9*n**3 + 16*n**2 - 25*n + 27. Let k(u) = q*j(u) + 4*d(u). Calculate k(7).
-4
Let y(p) = -p**2 - 7*p + 8. Let n(u) = -2*u + 47. Let f be n(18). Let i = f + -18. Give y(i).
8
Let r(q) = 6*q**3 - 14*q**3 + 7*q**3 - 4 + 5*q**2. Suppose 5*f + 4*o + 1 = 0, -3*f - 4*o = -2*f - 3. Let m = 5 + f. What is r(m)?
12
Let f(r) = -549*r - r**2 + 1 - r**3 + 549*r. Give f(2).
-11
Suppose 4*w + 2*b - 4 = 0, -5*w + 2*b + 0*b + 14 = 0. Suppose 0*d - w*d + 21 = 3*c, -5*c = -3*d - 16. Let j(v) = -v**2 + 6*v + 2. What is j(c)?
7
Let w(f) be the first derivative of -24 + 0*f + 1/3*f**3 - 3/2*f**2. Determine w(4).
4
Let d(m) = 3*m**3 + m**2 + m - 2. Let u = -66 + 69. Let p(r) = 2*r**3 + r**2 + r - 1. Let g(o) = u*d(o) - 4*p(o). Determine g(0).
-2
Let n be (1 - 0) + -3 + 5. Suppose -n*o + 6 = -15. Let k(z) = -8*z + 2. Let j(q) = 7*q - 2. Let g(f) = o*j(f) + 6*k(f). What is g(-6)?
-8
Let o(x) be the second derivative of x**4/12 + 2*x**3 + 3*x**2/2 + 15*x + 2. Determine o(-9).
-24
Let d be (0 + 12)/(9/24). Let y = d - 25. Let b(w) = -w**3 + 7*w**2 - w - 2. What is b(y)?
-9
Let g be (-10)/(0 - (-2)/(-4)). Suppose 0*y = 5*y - g. Let h(s) = s - 20 + 21 - y*s - s. What is h(-1)?
5
Suppose -3*i - 5 + 2 = 3*z, 0 = -3*i + 2*z + 17. Let l(w) = 6*w**2 - 36*w**i - 32*w**3 + 67*w**3 - 1 - 7*w. Determine l(5).
-11
Suppose 3*z = 8*z - 10. Let v(d) = 0*d - z*d - 2 + 5*d + 0. Calculate v(2).
4
Suppose 7*y - a = 8*y - 15, 5 = -y + 4*a. Let m(q) = 2*q - 1. Give m(y).
21
Let i(b) be the first derivative of b**6/120 - b**5/12 + b**4/4 - 9*b**2 + 11. Let n(z) be the second derivative of i(z). What is n(4)?
8
Suppose 0*n + 5*n - 4*r - 316 = 0, 0 = -4*n + 2*r + 248. Suppose -59*d = -n*d - 7. Let v(u) = u**2 + 5*u - 6. Calculate v(d).
8
Suppose 47 = 5*a - 333. Let s(i) = 2*i - a + 78 + 2*i - 5*i. Determine s(7).
-5
Let g(c) = -c**2 - 9*c - 2. Let y be 8/5 - (-4)/10. Suppose -4*k - 3*x = 26, -5*k = -5*x + y*x + 46. What is g(k)?
6
Let y(a) = -2*a**3 + a**3 + 3 - a**2 + 4*a**2 - 4*a. Let b be (-1)/(-2)*-2*(-10)/5. Calculate y(b).
-1
Let j(r) = -5*r**2 - 12*r + 17. Let z(k) = -9*k**2 - 22*k + 30. Let i(s) = -11*j(s) + 6*z(s). Determine i(-4).
9
Let f(j) = -7*j + 6. Let g(b) = -6*b - 62. Let d be g(-10). Give f(d).
20
Let h(o) = -o + 2. Let z(w) = -w**2 - 5*w - 2. Let a be z(-4). Let m be a/7 - (-120)/21. Determine h(m).
-4
Let b = 450 - 454. Let q(d) = 9*d - 3. What is q(b)?
-39
Let z(w) be the third derivative of w**5/30 - w**4/6 + w**3/2 - 3*w**2 - 6*w. What is z(3)?
9
Let a(o) be the first derivative of 0*o + 1 - 1/2*o**2. Suppose -12 = -v - 5*v. Determine a(v).
-2
Let f(g) = -g - 4. Let z be f(3). Let h(x) be the first derivative of x**2 - 5*x + 576. Give h(z).
-19
Let g(r) = -r**3 + r**2 - r + 9. Let y = 32 + -27. Suppose -y*u + 20 = l, 2*l - 3*u = -2*u - 4. Suppose 0*n + 6 = -n + 3*c, n - 4*c + 8 = l. What is g(n)?
9
Let s(t) = -2*t - 2. Suppose 295 - 297 = -p. Give s(p).
-6
Let c = -6 - -3. Let p(v) = 11*v**3 - v**2 - 2*v - 3. Let n(m) = m + 1. Let o(g) = c*n(g) - p(g). What is o(1)?
-11
Let m(x) = -x + 14*x - 9*x - 6 + 4 - 13*x**2 - 5*x. What is m(-2)?
-52
Let k(q) = -q**2 - 34*q - 115. Let g be k(-30). Let c(f) = -f**2 + 7*f - 1. Calculate c(g).
9
Let d(j) = -j - 4. Let y(m) = -m**2 - 4*m. Let l be y(-3). Suppose -3*b + a = 4, -2*b = a - l*a. Let t be 2 + (4 - b)/3. Determine d(t).
-8
Let j(o) = -o**3 + 2*o + 4 + 7*o**2 - 3 - 3*o - 5*o. Suppose 3*a - 4*m + 32 = -a, 0 = -4*a - 5*m + 13. Let r = 9 + a. What is j(r)?
1
Let w = 556 - 563. Let z(a) = -a**3 - 8*a**2 - 6*a. Determine z(w).
-7
Let a(s) = s**3 - 17*s**2 - s + 20. Let n be a(17). Suppose n*i = -0*i + 9. Suppose -2 = -i*q + 5*g, 2*q + 3*g + 3 = -21. Let m(u) = 4*u + 7. Calculate m(q).
-17
Let h(v) be the third derivative of v**7/840 - v**6/60 - v**5/15 + v**4/12 - 4*v**3/3 + 11*v**2 - 2. Let x(r) be the first derivative of h(r). What is x(7)?
-5
Suppose 5*z = -2*p + 29, -3*p - 1 = -6*p + z. Let k(a) = -3*a - 3*a + p*a**2 - 2*a**2 - 6 + a**2. Determine k(7).
1
Let t be -9*2*(15/(-6) - -2). Let r(d) = -49*d**3 + 9*d**2 - 9*d + 4. Let a(m) = -12*m**3 + 2*m**2 - 2*m + 1. Let c(f) = t*a(f) - 2*r(f). Calculate c(1).
-9
Let m(r) = -r**3 + 2*r**2 + r - 1. Suppose 10 = -8*u + 2. Let v be ((-2)/(u - 1))/((-2)/(-6)). Give m(v).
-7
Let a(v) = 5*v**3 + 3*v**2 + 5*v - 2. Let x(w) = -7*w**3 - 3*w**2 - 4*w + 1. Let t(m) = 4*a(m) + 3*x(m). Give t(4).
11
Let a(l) = -l**3 - l**2 + 5. Suppose -9*n + 6*n + 9 = 0. Suppose -c = -n*c. Calculate a(c).
5
Let o(x) be the second derivative of x**3/6 - 7*x**2/2 + x. Let w be 5/(-4)*(-13 - -9). Determine o(w).
-2
Let l(y) = 3*y**2 - 3. Let f(k) = -8*k**2 - k + 6. Let d(h) = 2*f(h) + 5*l(h). Calculate d(-3).
-6
Let r(n) be the second derivative of -11*n**3/6 + n**2 - 2*n + 135. Determine r(-2).
24
Let b(j) = -5*j**2 - 3*j + 5. Let q(w) = -2*w + 2. Let z(r) = b(r) - 2*q(r). Give z(-1).
-5
Suppose 6*t - 85 + 1 = 0. Let u(q) = 5*q - 3 - q**2 - t*q + 0*q**2 + 1. Let s(w) = w**3 + w**2 + 2*w + 2. Let x be s(-2). Give u(x).
16
Suppose -5*q = 0, 7*g - 3*g = -5*q + 96. Suppose 4*h + 0*h + 2*p - g = 0, -4*h + 24 = 4*p. Let x(a) = -a**3 + 7*a**2 - 5*a - 7. What is x(h)?
-1
Let i(u) = 5*u**2 - 7*u + 7. Let v(a) = 4*a**2 - 7*a + 7. Let x(t) = -3*i(t) + 4*v(t). Let y(g) = -g**3 + 2*g**2 + 7*g - 7. Let h be y(3). Give x(h).
-3
Let c(d) = 112*d - 24*d - 35*d + d**2 - 42*d. Determine c(-12).
12
Suppose 10 = -0*g - 5*g - 4*i, 3*g = 4*i - 6. Let t(h) = -3*h**2 + h. What is t(g)?
-14
Let z = -10 + 14. Suppose -2*b = z*q - 0*b + 122, -12 = -4*b. Let c be q/144 + 22/18. Let n(j) = 6*j**3 - j. What is n(c)?
5
Let n(j) = -j + 2 + 8*j - 4*j + 3 + 0. What is n(0)?
5
Let v(o) be the second derivative of -o**3/3 + o**2/2 - 127*o. What is v(-4)?
9
Let h(n) = n**3 + 4*n**2 + n + 5. Let q(w) = w**2 + 23*w - 54. Suppose -5*k = -g + 10 + 110, 5 = -g. Let a be q(k). What is h(a)?
1
Let r(k) = 0*k + 7*k**2 - 10*k - 2 + 9*k. Let j(w) = 20*w**2 - 2*w - 6. Let p(t) = -6*j(t) + 17*r(t). What is p(-6)?
-4
Let w(l) = 7 - 2*l + 3*l**2 - 3*l - 12 - 7*l**2 + l**2. Give w(-3).
-17
Suppose -5*s = -2*p - 9, -3*s + p = -2*p. Suppose -s - 4 = t - 2*d, 0 = 5*d - 20. Let m(j) = -62 + 7*j**3 + 2*j + 33 + 28 - 2*j**2. Give m(t).
6
Let h be (0 + 1)/((-147)/(-588)). Let g(f) = 2*f**3 - 3*f**2 - 5*f + 4. What is g(h)?
64
Suppose 0 = 5*a - 2 - 3. Let h be (2 + 1)*-1*a. Let m(q) = -5*q**2 + q + 14. Let z(k) = -k**2 + k + 6. Let l(j) = m(j) - 3*z(j). What is l(h)?
-16
Let m = 271 - 269. Let r(k) be the third derivative of -1/60*k**6 + 0 + 0*k - k**2 + 1/30*k**5 + 1/12*k**4 - 1/3*k**3. Calculate r(m).
-6
Let h = -399 + 706. Let i(k) = -k**2 - 151 + k + h - 15